Let g(r) = 5*r + 4. Let f be g(-4). Let u = f + 21. Let v(a) be the third derivative of a**4/24 - a**3/3 - 55*a**2. Determine v(u).
3
Let c(h) = h**3 + 5*h**2 - 4. Let x = -3 + 5. Let y(b) = 11*b - b**3 - b**2 - b**2 + 6*b**2 + x - 1. Let f be y(6). What is c(f)?
-4
Let p = 49 - 48. Let d(z) = -22*z + 50*z - p - 26*z + 3. Determine d(-6).
-10
Let l = -5760 + 5779. Let i(d) = 2*d - 20. Determine i(l).
18
Let g(n) = 2*n**2 - 3*n - 1. Let q(k) = k**3 - k**2 + k - 31. Let l be ((-18)/(-21))/3 - (-2)/(-7). Let a be q(l). Let p = a + 34. Determine g(p).
8
Let p be (-9)/(-3) - 2/(-1). Let b(c) = -4*c + 1215 - 3635 + 1211 - c + 1209. Determine b(p).
-25
Let p(l) = l**3 + 4*l**2 + l - 1. Let v(f) = 4*f**3 + 22*f**2 + 16*f - 6. Let k(b) = -3*p(b) + v(b). What is k(-9)?
-39
Let p(o) = o**2 + 18*o + 79. Let d(j) = 3*j**2 + 36*j + 179. Let q(v) = 2*d(v) - 5*p(v). Determine q(20).
3
Let x = 5958 - 5950. Let t(g) = -g**2 + 17*g - 1. Calculate t(x).
71
Let n(o) = o**2 - 5*o - 31. Let r be n(-5). Let b = -17 + r. Let x(m) = -m**2 + b*m + 3*m - 8*m. Calculate x(-4).
-4
Let u(r) = r**2 - 6*r - 4. Suppose 5*z - 11 = -15*b + 12*b, 0 = -5*b + 2*z + 70. Let k be (3/b)/((-2)/(-48)). Give u(k).
-4
Let f(r) be the first derivative of 7*r**5/20 - r**4/12 - r**3/6 - 25*r**2/2 + 2*r + 85. Let s(i) be the second derivative of f(i). Give s(-1).
22
Let r(f) = f**3 + 4*f**2 - 2*f - 11. Let z be r(-4). Let k(n) = n - 10*n - 2*n. What is k(z)?
33
Let g(v) = 6*v + 13. Let l(c) be the first derivative of c**2/2 + 2*c + 2. Let o(i) = 3*g(i) - 21*l(i). Give o(-2).
3
Let w be -18 - (-777)/21 - 13. Suppose 0 = 5*u - 3*i - 20, -5*i = u - 1 + 25. Let s(y) = u - 5 + w - y - 6*y. Give s(-2).
16
Let r(t) = 2*t - 4 + 4 - 5*t - 9. Give r(-8).
15
Let g be 66/12 - ((-182)/84 - 6/(-9)). Let j(x) = 6*x**2 - x**3 + 0 + 8*x - 1 - 5. What is j(g)?
1
Suppose s - 2*s = 25. Let t = s + 27. Let r(h) = -3*h**2 - 2 - h**3 + 0*h**t + 5*h**2 + 0. Calculate r(2).
-2
Let u(a) = -5*a**3 - 6*a**2 + 10*a. Let m(g) = 27*g**3 + 29*g**2 - 52*g - 2. Let j(k) = -2*m(k) - 11*u(k). Calculate j(-8).
52
Suppose 10*b + 28 = -4*b. Let k(h) = 2*h**3 - 7*h**2 - 3*h - 4. Let t(q) = -7*q**3 + 26*q**2 + 11*q + 15. Let x(g) = 22*k(g) + 6*t(g). Determine x(b).
-6
Let h(x) = 182*x - 171. Let w be h(1). Let u(k) = 0*k**2 - k**2 - 2*k**2 + 34*k - 12. Calculate u(w).
-1
Suppose 2*l - 5*w - 2 = -14, -3*w = -12. Suppose -2*o - 2*m = 6, l*o + o = -2*m - 27. Let f(z) = z**3 + 7*z**2 - z + 2. Calculate f(o).
9
Suppose 10*x - 120 - 300 = 0. Let c(k) = -k**3 + 5*k**2 + 9*k - 2. Let d be c(6). Let z(s) = -d*s + x*s - 17*s - 8*s. Give z(2).
2
Let n(l) = -2*l + 11. Let x be 4/(-14) + 148/518. Suppose -5*w + 4*y + 38 = -0*y, x = -y + 3. Determine n(w).
-9
Let l(j) be the first derivative of j**3/3 - j**2 - 7*j - 1. Let b(o) = -79*o + 2765. Let z be b(35). Let y be l(z). Let d(h) = -h**2 - 5*h + 6. Calculate d(y).
-8
Let l(v) = -27*v**2 + 3*v + 2. Let u be (-488 - -487)/(2 + -1). Determine l(u).
-28
Let k(t) = t**2 - 4*t - 2. Suppose 0*q - 18 = -2*d + 5*q, 4*d + 5*q - 96 = 0. Suppose 0 = -d*x + 10*x + 36. Determine k(x).
-2
Let b(u) be the third derivative of -17*u**4/12 + 4*u**3 + 3081*u**2. Give b(1).
-10
Let c(i) = 8*i**2 - 16*i - 10. Let n(v) = -3*v**2 + 8*v + 5. Let y(a) = -a**2 + 4*a + 23. Let f be y(-3). Let l(r) = f*c(r) + 5*n(r). Calculate l(-7).
-2
Let o(h) = 2*h - 62 + 56 - 6*h + 4*h**2. Let c(g) = 3*g**2 - 4*g - 4. Let k(q) = -5*c(q) + 4*o(q). Give k(-5).
1
Let y(d) = 45 + 10*d**2 - 52 - 2*d**2 - 9*d + 0*d**3 + 0*d**2 - d**3. What is y(5)?
23
Let n(l) = 56 - 333*l + 175*l + l**2 + 172*l. Give n(-6).
8
Let k(a) be the third derivative of -a**6/120 - a**4/24 + 35*a**3/2 - 10626*a**2. Calculate k(0).
105
Let r(i) = 3*i**2 - i + 2. Let s(a) = -a**3 - 11*a**2 - 8*a + 24. Let l be s(-10). Suppose 0 = -11*q + 37 - l. What is r(q)?
26
Let n(d) = -d**3 + d**2 - d - 60. Let j = -3326 + 3326. Calculate n(j).
-60
Let y(v) = 34936*v - 1 - 2 - 34935*v. Give y(-14).
-17
Suppose 338*t - 16 = -4*r + 341*t, -4*r - 48 = 5*t. Let u(y) = -3 + 5 + 0 - 1 - 6*y. Calculate u(r).
13
Let l(b) = b**2 + b - 2. Let u(j) = -3*j**2 - 4*j + 13. Let o(x) = -4*l(x) - u(x). What is o(-9)?
-86
Let m be (24/(-2))/1*125/500. Suppose 4*j + 2*r = 16, 0*j + 2*j = -4*r - 4. Let o be 1 + 1 + 0 + m + j. Let b(p) = p - 7. Determine b(o).
-2
Let z = -2783 - -2777. Let s(h) be the first derivative of h**2 + 14*h - 2. What is s(z)?
2
Let l(t) = -t**3 - 6*t**2 + 10*t + 8. Suppose 5*a = 943 - 978. Calculate l(a).
-13
Let k be (8/14 + 0)*10185/(-582). Let h(x) = -8*x - 77. What is h(k)?
3
Let h(s) = 23*s + 315. Let o be h(-14). Let a(y) = -2*y**3 + 4*y**2 - 4*y - 12. Let u(d) = -d**3 + 5*d**2 - 3*d - 11. Let v(k) = 2*a(k) - 3*u(k). What is v(o)?
2
Let w(x) = -7*x - 3*x**2 + 8*x - x + 4. Let o be -9 - (-19 + (-66)/(-11)). Calculate w(o).
-44
Suppose -20 = 4*n - 28. Let o(u) = 13*u**2 + 14*u - 13*u + 6*u**n. Let i(x) = x**3 + 2*x**2 + 2*x + 3. Let s be i(-2). Calculate o(s).
18
Let l be (-2)/(-20) - (4029/(-2040))/(2/8). Let t(f) = -7*f**2 + 27*f + 1. Let a(x) = 4*x**2 - 14*x. Let c(n) = 5*a(n) + 3*t(n). Give c(l).
27
Suppose -31*c + 736 = -15*c + 16*c. Let k(p) = -p**2 + 25*p - 67. Calculate k(c).
-21
Let z(p) = -4 + 8*p - 2 + 4. Suppose -882 = -45*x + 48*x. Let k = x + 291. What is z(k)?
-26
Let m(y) = y**3 - 11*y**2 + 27*y - 1. Suppose 3*x - 3*a - 15 = 0, -10*a + 7*a + 15 = 3*x. What is m(x)?
-16
Let r(g) = 3*g - 127*g**3 + 9*g**2 + 2 - 4*g + 252*g**3 - 126*g**3. Let i(k) = -2*k**3 + 18*k**2 - 2*k + 2. Let f(c) = -2*i(c) + 5*r(c). Give f(9).
-3
Suppose 0 = 2*u + 2*y - 2, 12 = 4*u + 2*y - 2. Suppose 0 = -2*a - v + u*v - 7, 2*a - 17 = -3*v. Let b(t) = 0 + 1 - a + t - 6. Give b(0).
-9
Let h(a) be the third derivative of -a**6/120 + a**5/5 - 5*a**4/8 + a**3/6 + 555*a**2 + 1. Calculate h(11).
-43
Let b(s) = s**2 - 4*s. Let h be b(3). Let k(r) = 9*r**2 - 3*r. Suppose 0 = 13*z - 16*z + 3. Let d(v) = -2*v**2. Let t(c) = z*k(c) + 5*d(c). Give t(h).
0
Let c(s) be the third derivative of -s**4/24 - s**3/6 + 6913*s**2 + 6*s. Suppose -87 = 5*t + n, -2*t - 84 = 3*t + 2*n. Let h be 4/t + (-50)/18. Calculate c(h).
2
Let q(s) be the second derivative of 1/12*s**4 - 5 - 10*s - 1/2*s**2 + 5/6*s**3. Give q(-5).
-1
Let m = -183 - -186. Let u(t) = 26 - 2*t**3 - m*t + 6*t**2 + t**3 - 29. Calculate u(5).
7
Let y(g) be the third derivative of 0*g + 1/12*g**4 + 0 + 1/6*g**3 - 6*g**2. Suppose -1 - 1 = 2*n + 4*i, 0 = -n - 4*i + 1. Give y(n).
-5
Let u(o) = 3*o**2 - 20*o + 31. Let z be u(4). Let b be -4*1*(-12)/16. Let p(t) = 3*t**2 + 2*t**2 + t - 5*t**2 - 5*t**b. Give p(z).
4
Suppose -s + l = 17, -28*l - 24 = s - 30*l. Let b(j) = j**2 + 7*j - 22. What is b(s)?
8
Let f(h) = 54*h + 1308. Let p be f(-25). Let z(x) = -x**3 - 38*x**2 + 168*x + 3. Give z(p).
3
Let y be 4/(-6) - 0 - -40*(-17)/(-102). Let l(w) = -5*w**3 - 7*w**2 + 15*w + 7. Let f(h) = -2*h**3 - 4*h**2 + 7*h + 3. Let t(m) = -7*f(m) + 3*l(m). Give t(y).
12
Let l(h) be the third derivative of h**6/120 - 3*h**5/20 + h**4/12 + 4*h**3/3 - 237*h**2. Let v(w) = 6*w**2 + 35*w + 2. Let q be v(-6). Calculate l(q).
-40
Let y(s) = 2*s**2 - 6*s + 4. Let q(t) = -11*t - 5. Let d(v) = -v - 1. Let p(b) = 3*d(b) - q(b). Let u be p(-2). Let n be 7/(u/(-16)) + -4. What is y(n)?
12
Suppose 0 = t - 5*a - 28, 2*a + 16 = 2*t - 0*a. Let s be (-7)/5*(-9 - -4). Let r(i) = 2*i + 6*i**2 - s + i**t + 2 + 6 + i. Determine r(-5).
11
Let m(t) = -t**3 + 12*t**2 - 14*t + 6. Let x(d) = d**2 - 12*d + 46. Let u be x(7). Give m(u).
-27
Suppose c = -2*t + 5*c + 52, 3*t - 4*c = 64. Let n(l) = l**3 - 12*l**2 - 11*l + 110. Give n(t).
-22
Suppose -17*f - 21 = -3*v - 40, -f - 23 = -5*v. Let n(g) = -12*g + 9. Calculate n(v).
-51
Let v(l) = 4 + 4 - 2*l - 3. Let i(a) = 9*a - 12. Let t be i(4). Let h be 14 - 2 - (-16 + t). Determine v(h).
-3
Let t(b) = -3*b**2 - 1 + 3*b**2 + 3261*b - 3262*b + 2 - 39*b**3. Determine t(1).
-39
Let s = -610 + 613. Suppose -2*o - 17 = 4*i + o, -s*i - 3*o - 12 = 0. Let n(r) = -r + r - 5 - 3*r. Determine n(i).
10
Let k be (2 - 24)/1*18/(-36). Let m(z) = -z**2 - 6 + 6 + 1 + 11*z. Give m(k).
1
Let j(f) be the third derivative of 1/20*f**5 + 0*f**3 + f - 1/24*f**4 + 0 + 12*f**2. Determine j(-1).
4
Let k be (-101)/(-4) + 2/8*-1. Suppose -44*j = 465 - k. Let z(q) = 4*q + 3